me factors of 4578142.
2, 31, 41, 1801
List the prime factors of 1043619.
3, 347873
What are the prime factors of 2594360?
2, 5, 79, 821
List the prime factors of 11903825.
5, 17, 37, 757
List the prime factors of 54116.
2, 83, 163
List the prime factors of 321306.
2, 3, 53551
What are the prime factors of 1005890?
2, 5, 17, 61, 97
What are the prime factors of 18657174?
2, 3, 97, 32057
What are the prime factors of 245078?
2, 283, 433
What are the prime factors of 379231?
601, 631
List the prime factors of 23468806.
2, 17, 690259
List the prime factors of 649838.
2, 7, 19, 349
What are the prime factors of 486630?
2, 3, 5, 5407
What are the prime factors of 1819104?
2, 3, 7, 2707
What are the prime factors of 355835?
5, 71167
What are the prime factors of 748140?
2, 3, 5, 37, 337
List the prime factors of 199986.
2, 3, 33331
What are the prime factors of 754032?
2, 3, 23, 683
What are the prime factors of 212919?
3, 7, 10139
List the prime factors of 727775.
5, 43, 677
What are the prime factors of 176927?
176927
List the prime factors of 17177207.
79, 103, 2111
What are the prime factors of 557609?
13, 59, 727
What are the prime factors of 38754?
2, 3, 2153
List the prime factors of 19714182.
2, 3, 3285697
What are the prime factors of 448574?
2, 7, 179
What are the prime factors of 35118?
2, 3, 1951
List the prime factors of 199421.
47, 4243
What are the prime factors of 6042?
2, 3, 19, 53
What are the prime factors of 1172066?
2, 7, 83719
What are the prime factors of 5111456?
2, 7, 19, 1201
What are the prime factors of 9051?
3, 7, 431
What are the prime factors of 3898472?
2, 137, 3557
What are the prime factors of 3637752?
2, 3, 151573
What are the prime factors of 6181400?
2, 5, 31, 997
List the prime factors of 2580594.
2, 3, 29, 14831
List the prime factors of 11199418.
2, 5599709
List the prime factors of 1095373.
877, 1249
List the prime factors of 3596060.
2, 5, 13, 13831
What are the prime factors of 1575057?
3, 11, 4339
What are the prime factors of 2955040?
2, 5, 11, 23, 73
What are the prime factors of 363446?
2, 23, 7901
List the prime factors of 543434.
2, 43, 71, 89
List the prime factors of 2370286.
2, 29, 40867
List the prime factors of 6399684.
2, 3, 17, 10457
List the prime factors of 4488954.
2, 3, 307, 2437
What are the prime factors of 1010935?
5, 202187
What are the prime factors of 19387049?
11, 19, 92761
List the prime factors of 4640129.
13, 356933
What are the prime factors of 2969464?
2, 107, 3469
What are the prime factors of 1002228?
2, 3, 47, 1777
What are the prime factors of 4297?
4297
What are the prime factors of 7091465?
5, 17, 19, 4391
What are the prime factors of 1417057?
1417057
What are the prime factors of 280920?
2, 3, 5, 2341
List the prime factors of 62027.
7, 8861
List the prime factors of 2107757.
53, 39769
What are the prime factors of 265948?
2, 17, 3911
List the prime factors of 297905.
5, 59581
What are the prime factors of 26376094?
2, 683, 19309
What are the prime factors of 147807?
3, 11, 1493
What are the prime factors of 344154?
2, 3, 41, 1399
List the prime factors of 14844715.
5, 47, 181, 349
List the prime factors of 1295806.
2, 277, 2339
What are the prime factors of 8150869?
8150869
List the prime factors of 18651156.
2, 3, 863, 1801
List the prime factors of 224545.
5, 44909
What are the prime factors of 2756684?
2, 7, 98453
What are the prime factors of 1282673?
7, 26177
List the prime factors of 102371.
167, 613
What are the prime factors of 6442241?
13, 495557
What are the prime factors of 8468546?
2, 4234273
What are the prime factors of 13432433?
7, 1918919
What are the prime factors of 2914269?
3, 127, 7649
What are the prime factors of 9224568?
2, 3, 128119
What are the prime factors of 114202?
2, 11, 29, 179
List the prime factors of 1352283.
3, 450761
List the prime factors of 814118.
2, 407059
List the prime factors of 31142.
2, 23, 677
List the prime factors of 650857.
71, 89, 103
List the prime factors of 17050863.
3, 71, 80051
What are the prime factors of 300151?
300151
What are the prime factors of 670999?
7, 95857
What are the prime factors of 205224?
2, 3, 17, 503
What are the prime factors of 1395978?
2, 3, 232663
What are the prime factors of 131564?
2, 31, 1061
List the prime factors of 778470.
2, 3, 5, 7, 11, 337
List the prime factors of 172096.
2, 2689
What are the prime factors of 2332335?
3, 5, 61, 2549
List the prime factors of 295780.
2, 5, 23, 643
List the prime factors of 785510.
2, 5, 11, 37, 193
What are the prime factors of 2993835?
3, 5, 13, 1181
List the prime factors of 4471950.
2, 3, 5, 7, 4259
What are the prime factors of 23846?
2, 11923
What are the prime factors of 1494161?
1494161
List the prime factors of 1057885.
5, 23, 9199
What are the prime factors of 532835?
5, 61, 1747
List the prime factors of 19084.
2, 13, 367
List the prime factors of 3848363.
1619, 2377
List the prime factors of 10382177.
13, 23, 2671
List the prime factors of 1772173.
13, 23, 5927
What are the prime factors of 776028?
2, 3, 11, 5879
List the prime factors of 5041891.
73, 69067
List the prime factors of 11810503.
11810503
What are the prime factors of 161535?
3, 5, 11, 89
What are the prime factors of 297348?
2, 3, 71, 349
List the prime factors of 71645.
5, 7, 23, 89
What are the prime factors of 196840?
2, 5, 7, 19, 37
What are the prime factors of 7973051?
17, 173, 2711
What are the prime factors of 1321495?
5, 7, 17, 2221
List the prime factors of 1544104.
2, 193013
What are the prime factors of 228655?
5, 7, 47, 139
What are the prime factors of 234842?
2, 29, 4049
List the prime factors of 1467487.
7, 29, 7229
List the prime factors of 2861442.
2, 3, 71, 2239
List the prime factors of 27632981.
53, 521377
What are the prime factors of 354038?
2, 177019
What are the prime factors of 255211?
11, 23201
List the prime factors of 768228.
2, 3, 64019
What are the prime factors of 24768?
2, 3, 43
List the prime factors of 604010.
2, 5, 11, 17, 19
What are the prime factors of 842429?
7, 151, 797
List the prime factors of 3941621.
821, 4801
List the prime factors of 95154.
2, 3, 15859
What are the prime factors of 93878?
2, 73, 643
What are the prime factors of 418806?
2, 3, 53, 439
What are the prime factors of 148541?
89, 1669
List the prime factors of 2375235.
3, 5, 52783
What are the prime factors of 13777404?
2, 3, 769, 1493
List the prime factors of 809757.
3, 13, 769
What are the prime factors of 694214?
2, 31, 11197
What are the prime factors of 3502016?
2, 7, 7817
List the prime factors of 1014967.
23, 44129
List the prime factors of 291399.
3, 137, 709
What are the prime factors of 13470117?
3, 1741, 2579
List the prime factors of 495041.
495041
What are the prime factors of 708289?
277, 2557
List the prime factors of 15445400.
2, 5, 29, 2663
List the prime factors of 11037791.
397, 27803
What are the prime factors of 16800893?
367, 45779
What are the prime factors of 410402?
2, 205201
What are the prime factors of 8020414?
2, 29, 138283
What are the prime factors of 3133839?
3, 1044613
List the prime factors of 8920366.
2, 7, 13, 23, 2131
List the prime factors of 161351.
47, 3433
What are the prime factors of 454312?
2, 109, 521
List the prime factors of 218143.
218143
What are the prime factors of 1704348?
2, 3, 43, 367
What are the prime factors of 94845?
3, 5, 6323
What are the prime factors of 246180?
2, 3, 5, 11, 373
What are the prime factors of 28980?
2, 3, 5, 7, 23
What are the prime factors of 22060086?
2, 3, 113, 32537
What are the prime factors of 7090939?
37, 83, 2309
List the prime factors of 5440377.
3, 1813459
List the prime factors of 17764570.
2, 5, 1776457
List the prime factors of 226525.
5, 13, 17, 41
List the prime factors of 1352059.
19, 71161
List the prime factors of 10493838.
2, 3, 571, 1021
What are the prime factors of 215265?
3, 5, 113, 127
What are the prime factors of 13537087?
23, 588569
List the prime factors of 8499686.
2, 13, 25147
What are the prime factors of 1869143?
47, 39769
What are the prime factors of 190772?
2, 37, 1289
List the prime factors of 8197207.
307, 26701
What are the prime factors of 3150120?
2, 3, 5, 26251
List the prime factors of 1429208.
2, 11, 109, 149
List the prime factors of 21164439.